{"id":304,"date":"2025-01-06T18:26:01","date_gmt":"2025-01-06T17:26:01","guid":{"rendered":"https:\/\/innocall.eu\/?page_id=304"},"modified":"2025-01-06T18:31:42","modified_gmt":"2025-01-06T17:31:42","slug":"procedure-denvoie-et-de-livraison","status":"publish","type":"page","link":"https:\/\/innocall.eu\/?page_id=304","title":{"rendered":"Proc\u00e9dure d&#8217;envoie et de livraison"},"content":{"rendered":"\t\t<div data-elementor-type=\"wp-page\" data-elementor-id=\"304\" class=\"elementor elementor-304\" data-elementor-post-type=\"page\">\n\t\t\t\t\t\t<section class=\"elementor-section elementor-top-section elementor-element elementor-element-8ea4759 elementor-section-boxed elementor-section-height-default elementor-section-height-default\" data-id=\"8ea4759\" data-element_type=\"section\">\n\t\t\t\t\t\t<div class=\"elementor-container elementor-column-gap-default\">\n\t\t\t\t\t<div class=\"elementor-column elementor-col-100 elementor-top-column elementor-element elementor-element-142e035\" data-id=\"142e035\" data-element_type=\"column\">\n\t\t\t<div class=\"elementor-widget-wrap elementor-element-populated\">\n\t\t\t\t\t\t<div class=\"elementor-element elementor-element-c72982a elementor-widget elementor-widget-spacer\" data-id=\"c72982a\" data-element_type=\"widget\" data-widget_type=\"spacer.default\">\n\t\t\t\t<div class=\"elementor-widget-container\">\n\t\t\t\t\t\t\t<div class=\"elementor-spacer\">\n\t\t\t<div class=\"elementor-spacer-inner\"><\/div>\n\t\t<\/div>\n\t\t\t\t\t\t<\/div>\n\t\t\t\t<\/div>\n\t\t\t\t<div class=\"elementor-element elementor-element-32aea38 elementor-widget elementor-widget-heading\" data-id=\"32aea38\" data-element_type=\"widget\" data-widget_type=\"heading.default\">\n\t\t\t\t<div class=\"elementor-widget-container\">\n\t\t\t\t\t<h2 class=\"elementor-heading-title elementor-size-default\">Proc\u00e9dure d\u2019envoie et de livraison\n<\/h2>\t\t\t\t<\/div>\n\t\t\t\t<\/div>\n\t\t\t\t<div class=\"elementor-element elementor-element-989cf0f elementor-widget elementor-widget-spacer\" data-id=\"989cf0f\" data-element_type=\"widget\" data-widget_type=\"spacer.default\">\n\t\t\t\t<div class=\"elementor-widget-container\">\n\t\t\t\t\t\t\t<div class=\"elementor-spacer\">\n\t\t\t<div class=\"elementor-spacer-inner\"><\/div>\n\t\t<\/div>\n\t\t\t\t\t\t<\/div>\n\t\t\t\t<\/div>\n\t\t\t\t<div class=\"elementor-element elementor-element-ae425fd elementor-widget elementor-widget-heading\" data-id=\"ae425fd\" data-element_type=\"widget\" data-widget_type=\"heading.default\">\n\t\t\t\t<div class=\"elementor-widget-container\">\n\t\t\t\t\t<h2 class=\"elementor-heading-title elementor-size-default\">\u00c9tape 1 : Pr\u00e9paration de l'Appareil\n<\/h2>\t\t\t\t<\/div>\n\t\t\t\t<\/div>\n\t\t\t\t<div class=\"elementor-element elementor-element-ce068f0 elementor-widget elementor-widget-text-editor\" data-id=\"ce068f0\" data-element_type=\"widget\" data-widget_type=\"text-editor.default\">\n\t\t\t\t<div class=\"elementor-widget-container\">\n\t\t\t\t\t\t\t\t\t<ul><li><strong>Sauvegarde des donn\u00e9es<\/strong>\u00a0: Sauvegardez toutes les donn\u00e9es importantes, car Mobile Clinical n&#8217;est pas responsable des pertes de donn\u00e9es.<\/li><li><strong>D\u00e9sactivation de &#8220;Localiser mon iPhone&#8221;<\/strong>\u00a0: D\u00e9sactivez cette fonction pour iPhone ou iPad avant l&#8217;envoi.<\/li><li><strong>Emballage<\/strong>\u00a0: Emballez soigneusement l\u2019appareil pour le prot\u00e9ger pendant le transport.<\/li><\/ul>\t\t\t\t\t\t\t\t<\/div>\n\t\t\t\t<\/div>\n\t\t\t\t<div class=\"elementor-element elementor-element-70e338d elementor-widget elementor-widget-heading\" data-id=\"70e338d\" data-element_type=\"widget\" data-widget_type=\"heading.default\">\n\t\t\t\t<div class=\"elementor-widget-container\">\n\t\t\t\t\t<h2 class=\"elementor-heading-title elementor-size-default\">\u00c9tape 2 : Modalit\u00e9s d\u2019envoi\n<\/h2>\t\t\t\t<\/div>\n\t\t\t\t<\/div>\n\t\t\t\t<div class=\"elementor-element elementor-element-e5aa444 elementor-widget elementor-widget-text-editor\" data-id=\"e5aa444\" data-element_type=\"widget\" data-widget_type=\"text-editor.default\">\n\t\t\t\t<div class=\"elementor-widget-container\">\n\t\t\t\t\t\t\t\t\t<ul><li><strong>\u00c9tiquette de transport<\/strong>\u00a0: Apr\u00e8s validation de votre demande, une \u00e9tiquette pr\u00e9pay\u00e9e vous sera envoy\u00e9e par email.<\/li><li><strong>D\u00e9pose du colis<\/strong>\u00a0: D\u00e9posez votre colis dans un point relais ou bureau de poste et conservez le num\u00e9ro de suivi.<\/li><li><strong>Suivi<\/strong>\u00a0: Suivez l\u2019acheminement avec le num\u00e9ro de suivi fourni.<\/li><\/ul>\t\t\t\t\t\t\t\t<\/div>\n\t\t\t\t<\/div>\n\t\t\t\t<div class=\"elementor-element elementor-element-10a1827 elementor-widget elementor-widget-heading\" data-id=\"10a1827\" data-element_type=\"widget\" data-widget_type=\"heading.default\">\n\t\t\t\t<div class=\"elementor-widget-container\">\n\t\t\t\t\t<h2 class=\"elementor-heading-title elementor-size-default\">\u00c9tape 3 : R\u00e9ception et R\u00e9paration\n<\/h2>\t\t\t\t<\/div>\n\t\t\t\t<\/div>\n\t\t\t\t<div class=\"elementor-element elementor-element-a003d96 elementor-widget elementor-widget-text-editor\" data-id=\"a003d96\" data-element_type=\"widget\" data-widget_type=\"text-editor.default\">\n\t\t\t\t<div class=\"elementor-widget-container\">\n\t\t\t\t\t\t\t\t\t<ul><li><strong>Confirmation de r\u00e9ception<\/strong>\u00a0: Vous recevrez un email d\u00e8s r\u00e9ception.<\/li><li><strong>Diagnostic<\/strong>\u00a0: Si des r\u00e9parations suppl\u00e9mentaires sont n\u00e9cessaires, nous vous en informerons avant de proc\u00e9der.<\/li><li><strong>R\u00e9paration<\/strong>\u00a0: Apr\u00e8s approbation du devis, la r\u00e9paration commencera.<\/li><\/ul>\t\t\t\t\t\t\t\t<\/div>\n\t\t\t\t<\/div>\n\t\t\t\t<div class=\"elementor-element elementor-element-9efef97 elementor-widget elementor-widget-heading\" data-id=\"9efef97\" data-element_type=\"widget\" data-widget_type=\"heading.default\">\n\t\t\t\t<div class=\"elementor-widget-container\">\n\t\t\t\t\t<h2 class=\"elementor-heading-title elementor-size-default\">\u00c9tape 4 : Modalit\u00e9s de retour\n<\/h2>\t\t\t\t<\/div>\n\t\t\t\t<\/div>\n\t\t\t\t<div class=\"elementor-element elementor-element-00176c8 elementor-widget elementor-widget-text-editor\" data-id=\"00176c8\" data-element_type=\"widget\" data-widget_type=\"text-editor.default\">\n\t\t\t\t<div class=\"elementor-widget-container\">\n\t\t\t\t\t\t\t\t\t<ul><li><strong>Exp\u00e9dition<\/strong>\u00a0: L\u2019appareil vous sera renvoy\u00e9 via un service s\u00e9curis\u00e9, suivi inclus.<\/li><li><strong>R\u00e9ception<\/strong>\u00a0: V\u00e9rifiez l\u2019\u00e9tat de l\u2019appareil \u00e0 r\u00e9ception. Si vous rencontrez des probl\u00e8mes, contactez-nous dans les 7 jours.<\/li><\/ul>\t\t\t\t\t\t\t\t<\/div>\n\t\t\t\t<\/div>\n\t\t\t\t<div class=\"elementor-element elementor-element-2b82c40 elementor-widget elementor-widget-heading\" data-id=\"2b82c40\" data-element_type=\"widget\" data-widget_type=\"heading.default\">\n\t\t\t\t<div class=\"elementor-widget-container\">\n\t\t\t\t\t<h2 class=\"elementor-heading-title elementor-size-default\">Contact :<\/h2>\t\t\t\t<\/div>\n\t\t\t\t<\/div>\n\t\t\t\t<div class=\"elementor-element elementor-element-cefb5ad elementor-widget elementor-widget-text-editor\" data-id=\"cefb5ad\" data-element_type=\"widget\" data-widget_type=\"text-editor.default\">\n\t\t\t\t<div class=\"elementor-widget-container\">\n\t\t\t\t\t\t\t\t\t<ul><li><strong>T\u00e9l<\/strong> : 06 77 95 35 60<\/li><li><strong>Email<\/strong>\u00a0 :\u00a0 innocall75@gmail.com<\/li><\/ul>\t\t\t\t\t\t\t\t<\/div>\n\t\t\t\t<\/div>\n\t\t\t\t<div class=\"elementor-element elementor-element-397c93c elementor-widget elementor-widget-spacer\" data-id=\"397c93c\" data-element_type=\"widget\" data-widget_type=\"spacer.default\">\n\t\t\t\t<div class=\"elementor-widget-container\">\n\t\t\t\t\t\t\t<div class=\"elementor-spacer\">\n\t\t\t<div class=\"elementor-spacer-inner\"><\/div>\n\t\t<\/div>\n\t\t\t\t\t\t<\/div>\n\t\t\t\t<\/div>\n\t\t\t\t\t<\/div>\n\t\t<\/div>\n\t\t\t\t\t<\/div>\n\t\t<\/section>\n\t\t\t\t<\/div>\n\t\t","protected":false},"excerpt":{"rendered":"<p>Proc\u00e9dure d\u2019envoie et de livraison \u00c9tape 1 : Pr\u00e9paration de l&#8217;Appareil Sauvegarde des donn\u00e9es\u00a0: Sauvegardez toutes les donn\u00e9es importantes, car Mobile Clinical n&#8217;est pas responsable des pertes de donn\u00e9es. D\u00e9sactivation de &#8220;Localiser mon iPhone&#8221;\u00a0: D\u00e9sactivez cette fonction pour iPhone ou iPad avant l&#8217;envoi. Emballage\u00a0: Emballez soigneusement l\u2019appareil pour le prot\u00e9ger pendant le transport. \u00c9tape 2 [&hellip;]<\/p>\n","protected":false},"author":1,"featured_media":0,"parent":0,"menu_order":0,"comment_status":"closed","ping_status":"closed","template":"","meta":{"footnotes":""},"class_list":["post-304","page","type-page","status-publish","hentry"],"_links":{"self":[{"href":"https:\/\/innocall.eu\/index.php?rest_route=\/wp\/v2\/pages\/304","targetHints":{"allow":["GET"]}}],"collection":[{"href":"https:\/\/innocall.eu\/index.php?rest_route=\/wp\/v2\/pages"}],"about":[{"href":"https:\/\/innocall.eu\/index.php?rest_route=\/wp\/v2\/types\/page"}],"author":[{"embeddable":true,"href":"https:\/\/innocall.eu\/index.php?rest_route=\/wp\/v2\/users\/1"}],"replies":[{"embeddable":true,"href":"https:\/\/innocall.eu\/index.php?rest_route=%2Fwp%2Fv2%2Fcomments&post=304"}],"version-history":[{"count":7,"href":"https:\/\/innocall.eu\/index.php?rest_route=\/wp\/v2\/pages\/304\/revisions"}],"predecessor-version":[{"id":312,"href":"https:\/\/innocall.eu\/index.php?rest_route=\/wp\/v2\/pages\/304\/revisions\/312"}],"wp:attachment":[{"href":"https:\/\/innocall.eu\/index.php?rest_route=%2Fwp%2Fv2%2Fmedia&parent=304"}],"curies":[{"name":"wp","href":"https:\/\/api.w.org\/{rel}","templated":true}]}}